omposite?
False
Suppose -4*v + 83784 = 3*h, 20945 = v - h + 2*h. Is v a prime number?
False
Suppose 0 = -20*a + 26*a - 6. Is (30 - a)*57/3 prime?
False
Let u(b) = -b + 4. Let z be u(0). Let d(o) = 7*o**2 + 2*o + 3. Is d(z) prime?
False
Suppose -c - 28 = -5*w - 3*c, 3*w - c = 8. Let y = 30 - -21. Suppose -w*z = -5*z + y. Is z prime?
False
Let c(j) = 2*j**3 - 2*j**2 + 38*j - 79. Is c(16) a composite number?
False
Let v(w) = w**2 - 12*w + 11. Let b be v(11). Let a be (-388*(2 + b))/(-1). Suppose 378 = 2*g + t, -2*g - 2*g + a = -3*t. Is g a composite number?
False
Suppose -70*t + 67*t = 3831. Is ((-3)/(12/t))/(2/16) composite?
True
Is 245/(-49) - 1*-3838 composite?
False
Suppose -5*k + 15 = 4*x, 5*x - 4*k - 4 + 16 = 0. Suppose x + 10 = 5*g. Is 844/(-2)*(-1)/g prime?
True
Suppose -5*p = -5*d + 2840, 5*p = -2*d - 1486 - 1389. Let o = p + 1754. Is o a composite number?
False
Is (-1 - -2)/(5/5755) a prime number?
True
Let g(x) = 3*x**2 + 2*x**2 + x**3 - 12*x + 0*x**2 - 11. Let s be g(9). Suppose -s = -5*u - 200. Is u composite?
False
Is (-1)/(-2*6/84468) a prime number?
True
Suppose -3*c + 49 = 2*a, 15 = -2*c + 3*c + a. Suppose f = -135 - c. Let k = 15 - f. Is k prime?
False
Let m be (-103 + 0 - 0)/1. Let h(y) = -33*y - 4. Let z be h(-6). Let o = m + z. Is o a composite number?
True
Let o(b) = -b**3 - 9*b**2 + 10*b + 4. Let p be o(-10). Suppose 3*t = t + p. Suppose -5*d + n = -1652, -t*d + n + 990 = d. Is d prime?
True
Let l(o) = o**2 - 6*o + 1. Let w be l(5). Let z be (4 - (w + 9))/(-1). Is 164/((-5)/(-5)) - z composite?
False
Let x = 6 - 4. Let n be (2/4)/(x/308). Suppose n - 314 = -j. Is j a prime number?
False
Suppose -3*h + 13 = 1. Suppose -h*w = -17 - 71. Is w prime?
False
Let f(d) = d**3 + 4*d**2 + 2*d + 5. Let n be f(4). Suppose 20*t - 28*t + 8 = 0. Is -1 + (n + 0 - t) a composite number?
False
Let a = 342 - 375. Let r = -2 + 1. Is -1 - (r + 2) - a composite?
False
Suppose -45 = -9*n + 153. Suppose 3*g - 35 - n = 0. Is g prime?
True
Let u = 19 - 6. Suppose -33968 = -u*l - 3*l. Is l prime?
False
Let r = -1934 + 4773. Is r a composite number?
True
Suppose -300*p - 126103 = -319*p. Is p a composite number?
False
Let k(z) = 12 + 4 - 28 + 4*z + 8. Let s be k(3). Let j = 45 + s. Is j a prime number?
True
Let y(d) = 3*d**2 + 9 + d - 12 + 10*d. Let g be y(-9). Suppose 0 = 3*k - g - 432. Is k a composite number?
False
Let r = 245 + -22. Is r a prime number?
True
Suppose -y - 5*h = -616, -5*h = -2*y - 0*h + 1157. Suppose -4*w + 2*a - 77 = -y, -4*w + 505 = a. Suppose 0*o + o = w. Is o composite?
False
Suppose 4*w + 21653 = 107705. Suppose 11*p - w = -2890. Is p a composite number?
False
Suppose -10*r + 14*r - 2639 = -3*d, 2*r = 5*d - 4381. Is d composite?
False
Let j(u) = 7*u**2 - 12*u - 41. Is j(-14) a prime number?
True
Let v(j) = 147*j + 433. Is v(18) a composite number?
False
Suppose 509 = 12*g - 283. Is (-466)/(-22) + (-12)/g prime?
False
Let b(h) = 303*h**2 - 5*h + 2. Let m be b(2). Is -5 + 1 + 3 + -2 + m composite?
False
Suppose 0 = -2*n - 4*l + 30, 3*n + 2*l - 23 = 2. Suppose k - 5*k - 4*y = 2620, n*y = -2*k - 1295. Let t = k + 1039. Is t prime?
True
Suppose -2*p = 4 - 6. Let h = p + 4. Suppose h*n - 4562 = s - 1172, 0 = -2*s + 10. Is n composite?
True
Suppose -72*w = -60*w - 33348. Is w a composite number?
True
Suppose 31*z = 25*z + 36474. Is z a composite number?
False
Let o(q) = q + 14. Let j be o(-8). Suppose -2*s - 1912 = -j*s. Is s a composite number?
True
Suppose -5*f = v - 144, 0*v - 298 = -2*v - 5*f. Suppose 3*t = -5*q + 406, 3*q = 2*t - t - v. Is t a prime number?
False
Suppose 19*a - 5*a = 12278. Is a prime?
True
Suppose t + t - 66 = 0. Suppose -4*q = -3*n - t, 5*n - q + 23 = -49. Is (-6)/(-45) - 9493/n composite?
True
Suppose 0*g - 21*g = -38283. Is g a composite number?
False
Suppose x - 116577 = -2*x. Is (x/(-27))/(-1) + 6/(-27) a prime number?
True
Suppose 3*n - 128065 = -4*b, 2*b - 64037 = 5*n - 2*n. Is b a prime number?
False
Let f(q) = -q - 11. Suppose 0 = -5*i + 8*i + 33. Let h be f(i). Suppose -5*y - 99 + 584 = h. Is y a prime number?
True
Suppose -v + 14 = 3*q, 0*q - 16 = -5*v + 3*q. Suppose -5*r - 1994 + 159 = v*y, 3*r - y + 1117 = 0. Let h = 538 + r. Is h a composite number?
False
Let n(d) = -148*d - 39. Suppose -4*y - 2 = 2, 2*g - 5*y + 5 = 0. Is n(g) composite?
False
Let h = -18 - -649. Is h prime?
True
Let l = -620 - -2263. Let m = -904 + l. Is m a prime number?
True
Let l(x) = 179 + 4*x + 32 - 2*x. Suppose 3*a + a = 0. Is l(a) a composite number?
False
Let w = -304874 + 544821. Is w prime?
True
Let s be 40/(-100) - 88/5. Is (-1 - 2)*5802/s a composite number?
False
Suppose 7*w = 11*w - 8. Suppose 2*u + 786 + 726 = 4*f, 3*f - w*u - 1133 = 0. Is f prime?
True
Let r = 11987 - 2400. Is r a prime number?
True
Let r be ((-4)/2)/(4/(-8)). Suppose 3*a - d - 82 = 120, 0 = 2*a + r*d - 130. Is a composite?
False
Suppose 16 = 3*v - 167. Let l = 13 + -7. Let o = v - l. Is o composite?
True
Let r = 28 + -48. Is ((-3086)/8)/(5/r) a prime number?
True
Let a(h) = 92*h + 4 - 6*h - 7 - 8. Is a(5) prime?
True
Let i = 5 - 1. Suppose -i*w - h = 0, 0*h + 3*h = 3*w. Suppose -5*j + 33 = -n + 313, w = 5*n - j - 1472. Is n a prime number?
False
Let d = 708 - 497. Is d prime?
True
Suppose 0 = -3*z + 24*z - 127407. Is z prime?
True
Let g be -2 + 7 + (-14)/7. Suppose -g*k - k = -4. Suppose 36 = 5*x + k. Is x composite?
False
Let l(v) = -v**2 + 8*v - 8. Let h be l(6). Suppose 4*a - 8 - h = 0. Suppose 5*r - a*r = 2*k + 326, -5*k - 10 = 0. Is r composite?
True
Let j = 8748 + 2411. Is j prime?
True
Let f(o) = 61*o**2 + 3*o + 1. Is f(5) a composite number?
True
Let m(c) = -c**3 - 7*c**2 + 29*c + 5. Let j = -25 + 13. Is m(j) composite?
True
Let r(f) = 1905*f**2 - 7*f - 2. Let s be r(-2). Suppose 0 = -3*l + s - 1185. Is l prime?
False
Let l(p) = p**3 - 7*p**2 - 7*p + 8. Let y be l(8). Let x be y/(-12)*489/(-2). Suppose 0 = 2*c + a - x, 0 = 7*c - 5*c + 3*a - 334. Is c composite?
True
Let a(i) = -25*i**2 + 15*i + 27. Let f(p) = -17*p**2 + 10*p + 18. Let d(j) = -5*a(j) + 7*f(j). Is d(-8) a prime number?
False
Suppose 0 = 3*q - 1040 - 3106. Suppose 0 = 2*r - 0*r - q. Is r prime?
True
Let m(q) = -q**3 - q**2 + 3847. Is m(0) composite?
False
Suppose 22*d - 26*d + 218588 = 0. Is d composite?
False
Suppose 0*t = -t + 3. Suppose -t*p = -0*p + 6. Is 21 + -3 - p - 1 a prime number?
True
Suppose -c + 5387 = -4*n, 4*c - 6 = 2*c. Is 2/(2/n*-2) prime?
True
Let x = 346 - -137. Let f = 293 + -290. Suppose 4*q = 8*q + w - 644, 3*q - f*w - x = 0. Is q prime?
False
Suppose -2*c - 57 + 17 = 0. Is 5/c - (-1114)/8 a composite number?
False
Suppose u + 3*m + 12 = 0, -3*u - 4*m + m - 6 = 0. Is (-4)/((-3)/(-2 - -296)) + u a composite number?
True
Let a(y) = -y**2 - y + 4. Let n be a(-4). Let z(b) = -b**3 - 4*b**2 - 4*b + 11. Is z(n) prime?
False
Suppose 5*s = -4*i + 2697, 3*i + 0*s = 3*s + 2016. Let n = i - 354. Is n composite?
True
Suppose l = 4*r + 20, 40 = 5*l + 2*r - 7*r. Let g(p) be the third derivative of 11*p**5/60 + p**4/8 + p**3/2 + p**2. Is g(l) prime?
True
Suppose -99*z + 89307 = -90*z. Is z prime?
True
Suppose 1142481 = 26*q - 553057. Is q composite?
False
Let j = -5 + 14. Suppose -4*c = -c - j. Suppose -k - 3*a + 57 = 0, 3*k + c*a = 2*a + 155. Is k a composite number?
True
Suppose -6*p = -10*p + 12. Suppose 27 = 3*k - p*a, -a = -3*k + 25 + 2. Let i = k + 88. Is i a prime number?
True
Let b(t) = t**2 + 4*t + 9. Suppose -25 = 5*f - 4*w, f - 5*w + 0*w = -5. Let o be b(f). Suppose -o*y + 887 = -13*y. Is y a prime number?
True
Let h(w) = -14*w + 4*w**2 - 12*w**2 - 1 - w**3 - 7*w**2. Let y be h(-13). Let r = -78 - y. Is r a composite number?
False
Suppose 0*z - z = -3195. Suppose 2*c - y - 10 = 0, c + y = -y + 10. Is c/(-21) - z/(-35) composite?
True
Let p be -1 - (102 + 3)/3. Let l be ((-90)/8)/((-3)/p). Let o = -56 - l. Is o a prime number?
True
Suppose -4*i = -2*l - 8 - 6, -5 = 5*l. Suppose 9 - 3 = i*f. Let c = f - -1. Is c a prime number?
True
Let t(k) be the third derivative of -k**6/15 + k**5/20 + k**4/8 + k**3/6 + 5*k**2. Is t(-3) a prime number?
False
Let i be -1395 + (2 - (9 + -3)). Let r = 3430 + i. Is r prime?
False
Let v = 6791 - 3190. Is v a prime number?
False
Let l = 39 + 196. Is l a prime number?
False
Let g(y) = 69*y**3 + 7*y**2 - 7*y + 14. Is g(5) a co